he value of -4 + -46 - ((-11 - (-7 + -8)) + 5)?
-59
Evaluate -34 - -58 - 35 - ((-29 - -1) + 1).
16
What is (-171 - (-101 - -9)) + 41?
-38
What is 3 + (-3 - (7 - 15 - -3)) - 34?
-29
What is the value of 121 + -119 + 5 - (-20 - 0)?
27
What is the value of -38 + (14 - -53 - -22)?
51
(-2931 - -2923) + (-41 - (-3 - -2))
-48
What is 37 - 52 - (0 + (3 - 3)) - 7?
-22
What is -49 + (25 - -7) - -26?
9
Evaluate -68 - (21 - 64) - -83.
58
(-92 - -7 - -246) + -102
59
What is the value of -7 - (28 + 19 + -83 + 15)?
14
Evaluate 14 + (-5 - 7) + -6 + 113 + (11 - 8).
112
Evaluate 6 + -4 + 2 - -6 - (35 - (85 - 54)).
6
What is -9 + 5 + (4 - 4) - ((78 - 48) + 16)?
-50
Calculate -1 + -6 - (-20 + -2 - (-68 + -48 + -45)).
-146
What is 52 + (-50 + -50 - -53)?
5
What is 3 + (6 - (-29 + 15)) + 58?
81
Evaluate 38 - (-79 - 35) - (6 + (1 - -17)).
128
What is 16 - (-35 + 65 + -61)?
47
What is the value of 36 - 13 - (-4 + 8 + -1 + -2)?
22
52 - (-53 - -72) - 22
11
(7 - (-8 - -3 - -8)) + (90 - -7) + -2
99
-3 + (12 - (-5 + (8 - -5))) + -14 + 105
92
6 + -18 + (-7 - (3 + -7)) + 10
-5
Calculate 20 - 2 - 2 - (-7 - (-18 - (-24 - -19))).
10
204 - 192 - (-92 + (7 - 3) - -5)
95
Evaluate (0 + 44 - -47) + -48.
43
Evaluate -12 - (62 - (-17 + 30 - 35)).
-96
What is -6 + -80 + 1 - (-26 - (-11 + 2))?
-68
What is (-7 - -17 - 17) + -10 + (-1 - -5)?
-13
What is the value of 0 + 6 + (-56 - -42 - -23) + (-1 - 29)?
-15
-20 - (33 - -13) - -36
-30
Calculate -32 + -33 - 40 - (22 - (-4 + 5)).
-126
What is the value of -30 + -14 + (5 - (-7 + -8))?
-24
-37 - ((-8 - -23) + -23) - (20 + 0 - 8)
-41
What is -6 + (37 - (-2 + -11)) - 9?
35
Evaluate (-8 - ((-32 - -12) + 2)) + -2 + 46 + -5.
49
(16 - 2) + (-27 - (-70 - 31)) + 11
99
Evaluate 431 - 281 - (7 - 2 - -9) - 19.
117
Calculate -32 + (42 - (-36 - (15 - -24))).
85
What is the value of 22 + -7 + (-3 + -1 - -1) + (-690 - -748)?
70
What is the value of (48 - 67) + (8 - 0) - (-4 + 1)?
-8
Evaluate 5 - (-9 + 17) - (-41 + 9) - -5.
34
Calculate 7 - (2 + 2 + 18 + -11) - -39.
35
What is (18 - (-2 + 12) - (7 - -3) - -2) + -22?
-22
Calculate (2 + -14 - -2) + (-74 + 73 - (-13 + 1)).
1
(30 - (-6 + 5)) + 8 + 2 + -17
24
(4 + 1 + -2 - (-20 + 88)) + 13 + -5
-57
What is -94 - ((-9 - (-9 + 0 + -8)) + -24)?
-78
-5521 + 5499 - (1 - 2 - 0 - 11)
-10
Evaluate 57 + -1 + (45 - 53) + 22 - -1.
71
Calculate -333 + (-177 - -527) + (-125 - 0 - -2).
-106
What is the value of 22 + (-26 - (13 + (12 - 21)))?
-8
Calculate -204 + 187 + 8 + -1 - -33.
23
15 + -111 + (49 - -1)
-46
What is 26 + (6 + 2 - 14) - -8?
28
Evaluate -9 - (1 + 9 + -22 + 10) - (-9 - -96).
-94
-78 + 4 + (9 - -5)
-60
-4 + 1 + (27 + -25 + -1 - (-20 - 1))
19
What is the value of -13 + 6 - -9 - (15 - 67)?
54
What is -39 + (20 + 12 - 38) + 1 + 0?
-44
What is the value of 7 + (10 - 9 - 10) - 1 - -12?
9
(-76 - 1) + (2 + 10 - (-88 - -192 - 83))
-86
What is -5 + (-1 - -5) + (-14 - (15 - 23))?
-7
(1 - 18) + (-2187 + 2140 - (-118 - 1))
55
What is the value of -124 + 114 + (-86 - -166)?
70
(14 - (-3 + 6)) + -36 + (32 - 48)
-41
What is the value of (0 - 1 - (1 - (4 + (-25 - -21)))) + -28?
-30
What is -110 - -41 - (53 + -119)?
-3
What is (1 + -24 - (805 + -862)) + 13 + 1 + -11?
37
173 + -38 + -129 + 95 + 0
101
What is -58 + 56 + -23 + 22?
-3
Calculate (-4 - (-84 - (44 - 22))) + 8.
110
What is 10 - -6 - (-40 - -95) - -18?
-21
Evaluate (8 - (-7 + 63)) + 5 - (41 - 53).
-31
-22 - ((-1 - -1) + (-21 + 6 - (-30 + 14)))
-23
Evaluate -26 - ((-27 - (-21 + -14)) + (2 + 2 - -2)).
-40
What is the value of -7 - -5 - (-2 - -21 - 74)?
53
(13 - 173) + 118 + 0 + -5
-47
Evaluate -3 + (-2 - -3) - (147 - (117 + 127)).
95
Evaluate (145 - 344) + 81 - 22.
-140
Evaluate -1021 - -1072 - (51 + -4).
4
15 - (27 - (70 - 12))
46
Calculate -30 + 0 + -2 + 34 + -24 - 8.
-30
What is (-40 - -91) + 0 - 34?
17
Calculate 112 - (446 + -122 + -122).
-90
What is the value of -71 - (0 - (8 - (1 - (-18 - -22))))?
-60
What is 46 + (-21 - (-3 - -51))?
-23
What is the value of (1 + 4 - (1346 + -1375)) + -21?
13
What is 34 - (-11 - -102) - -7?
-50
Evaluate -37 - -18 - (-24 - 1) - (-2 + 3 + 48).
-43
What is the value of -14 + -69 + (15 - -128)?
60
-76 + (-2 - -30) + 38 + -91 + 38
-63
Evaluate 7 - 18 - ((4 - (-5 + 8 + -7)) + -113).
94
-22 + (0 + -1 + -10 - 11)
-44
What is (-48 - -115 - 79) + 67?
55
Evaluate 1 + 19 + (93 - 289 - -124).
-52
Evaluate 1269 - 1323 - (2 - 11).
-45
What is (-39 - (-3 + -9 + 2)) + 18 + (-27 - 1)?
-39
25 + -65 + 49 + -37
-28
-7 - (-17 + 16 - 2) - (1 + 2) - -9
2
Evaluate 116 - 1 - (1355 + -1328).
88
Calculate -2 + -1 + 1 + (-7 - (-51 + 19) - -13).
36
Evaluate -122 - ((167 - 115) + -48).
-126
Calculate 103 + -282 + 20 - -54.
-105
Evaluate -56 - ((-32 - 28) + 26).
-22
What is 0 + -54 + -10 + 5 + 0 + 17 + -9?
-51
Evaluate -14 + 31 + 37 + -9 - -15 - 2.
58
146 + -36 + (37 - -16) + -46
117
What is the value of -25 + (60 + -87 - 57)?
-109
Evaluate -56 + -4 + 20 + 5 - -11.
-24
-8 + (0 - (-15 + 11 + -2) - -36)
34
Evaluate 69 + 107 + -14 + -98.
64
Evaluate 132 + -134 + -9 + -1 + 32.
20
What is (147 - 13) + (-82 - -12)?
64
-147 - -152 - (-10 + -2 - -2 - 1 - 2)
18
Calculate (3 - -34 - 65) + 39 + -86.
-75
-2 + (-8 - (13 + -22)) + 39
38
What is the value of -46 + 68 + -107 + 47?
-38
Evaluate -20 - 8 - (8 - -10 - 5).
-41
Evaluate (-17 - 4) + 11 + 4 - (-5 - 6 - -86).
-81
Calculate (1352 - 1342) + (-1 + -6 - (1 - 2)) - 68.
-64
What is -62 + 2 - (-13 + 32 + (-15 - -6 - 5))?
-65
Calculate 315 + 149 + -442 - ((-1 - -2) + 29).
-8
What is the value of 749 - 787 - (-38 - -4)?
-4
Calculate -12 + 32 + -120 - -44.
-56
10 + -51 + (23 + -7 + (-15 - -3) - 13)
-50
Calculate (3 - -12 - -1) + (35 - 154 - -42).
-61
What is the value of (77 - (105 - 70)) + -9?
33
What is -18 + (29 - -8) + -7?
12
What is 39 + -107 - (6 + (-6 - 5) + 7)?
-70
(-67 - -16) + -20 + (3 - 5 - 9 - -4)
-78
Calculate (-1 - -2 - 0) + (45 - 115 - (4 - 17)).
-56
What is the value of 85 + (6 - (-5 + 55))?
41
Calculate -1 + 13 + -13 + 7 + -12 - 50.
-56
(26 - 4 - 15) + 24
31
Evaluate -31 + -104 + (100 - 54).
-89
Calculate (13 - (3 + -1 - -1)) + (112 - 170 - -63).
15
Evaluate -4 + 41 + 7 + 17 + -30 + 29.
60
-151 + 60 + 163 + 8 + -2
78
Evaluate -3307 - -3303 - (1 - (-1 + 28)) - 8.
14
What is the value of -85 + 113 + -79 + 11 + -1?
-41
-1276 + 1299 + -8 + 12 + 40
67
Calculate -22 - ((-38 - -9) + 39).
-32
1142 + -1104 + -58 + -1
-21
Calculate -6 - (-13 - (-6 + -3 - (-1 + 2 + -8))).
5
What is (-47 - (-30 - 10)) + (52 + -1 - 3)?
41
What is the value of (58 - 1) + 301 + -368?
-10
What is the value of (-1 + 41 - (23 - 30)) + -2 + -15 + 14?
44
What is the value of 23 + -27 - (-1 + -42) - (-39 + 28)?
50
Calculate -11 + 6 + -10 + 3 - (18 - (103 - 36)).
37
Calculate 1 + -4 + (-13 - -19) + (-8 + 1 - 5).
-9
Calculate 15 + -11 + (-13 + 2 - (40 - 35)).
-12
What is (3 - 17) + -13 + 3 + -19 + 22?
-21
Calculate -4 + (33 - 4) - (42 + -59) - (-1 - 10).
53
0 - 11 - (-4 + 66 + -11) - (26 + -25)
-63
What is 57 + -28 + (23 - 42)?
10
Evaluate 3 + 28 + -19 + (3 - -3 - -29).
47
What is the value of -21 + (162 - 102) + 18?
57
What is -9 + (-4 - 114) - (33 + -69)?
-91
Calculate -10 - -10 - (4 + (-3 - 0)) - (-13 - -32).
-20
What is the value of (1 - -16) + (-19 + 10 - 19 - 40)?
-51
Calculate 37 - (29 - (84 - 43)).
49
What is -16 - ((2 - -2) + -202 + 215)?
-33
Calculate -2 - (-6 - -12) - (-29 + 18) - 40.
-37
What is the value of (-35 - -25) + (-24 - -13 - -23) + 28?
30
What is the value of -2 + -109 - (28 + -50 + 34)?
-123
Evaluate 6 + 4 - (-7 + 14 + -7 + (1 - 6)).
15
Evaluate (1 - 23 - -34 - -3) + -55.
-40
What is the value of -30 - ((-14 - -31) + -2)?
-45
19 + -71 + (98 - 21)
25
What is the value of 50 - -23 - (5 + 16 + -9 - 21)?
82
Calculate 4 + (-37 - -3) + (-10 - -30) + -21.
-31
Calculate 170 + (-182 - -14) - (3 + -4 + 139).
-136
Calculate -197 - -196 - (15 - -20).
-36
-107 - (-241 + (-43 - -64))
113
Calculate -104 + -9 + (389 - 389).
-113
159 + -145 + -1 + -1 + (6 - 10 - 26)
-18
What is (3 - -6) + -9 + (3 - 1 - -3 - 90)?
-85
What is the value of (-25 - -27) + -51 + 106?
57
Evaluate 47 + (-5 - 0 - ((11 - 28) + 1 - -4)).
54
Calculate -12 + (-7 - -4) - (7 - (-4 - -77)).
51
Evaluate -17 + (47 + 5 + 8 - 2).
41
Calculate -2 + (42 + -31 - 32).
-23
Calculate (-10 + (25 + 0 - 8) - 4) + (-1 - 32).
-30
Calculate -11 + -7 + -1 + 63 + -5 + 14.
53
Evaluate (-25 + 0 -